 5*b - 20, 2*j - 8 = -0*b + 5*b. Calculate the remainder when 1387 is divided by j.
3
Let b = 850 + -827. Let s(f) = -f**2 + 20*f + 44. What is the remainder when s(20) is divided by b?
21
Suppose -53*i + 9*i + 27722 = 39*i. Calculate the remainder when i is divided by 27.
10
Let o = -2631 - -2733. Calculate the remainder when o is divided by 32.
6
Calculate the remainder when -15 + 6 - -93 - (0 + -6) is divided by 65.
25
Let w = 3509 + -3241. What is the remainder when w is divided by 147?
121
Suppose -2*r = -4*g + 3*r + 756, -g = 3*r - 189. What is the remainder when g is divided by (-19)/38*-38*4/4?
18
Let m be ((-4)/(-10))/(9/90). Suppose 2*t - 42 = -5*j, 4*t + 27 - 83 = m*j. Calculate the remainder when ((-45)/(-6))/(2/(-4))*-3 is divided by t.
13
Suppose -788*u + 1780 = -768*u. Calculate the remainder when u is divided by 48 - (1 - 0) - -1.
41
Suppose 0 = -3*a - 6, r - 7*a + 3*a - 33 = 0. Suppose -6*f = -f - 310. What is the remainder when f is divided by r?
12
Suppose 2 = -2*v, w - 2*v = v + 8. Calculate the remainder when (w/(-10))/((-1)/2) - -26 is divided by 10.
7
Let f(a) = 22*a - 814. What is the remainder when 441 is divided by f(47)?
1
Let h = 183 - 137. What is the remainder when 80/(-14) + 6 - (-1886)/14 is divided by h?
43
Suppose 3*j = 7*j + 656. Let w(v) = 98*v + 253. Let q be w(-5). Let l = j - q. What is the remainder when l is divided by 19?
16
Suppose 5*y = 5*n + 6690, 6 = -41*n + 44*n. Calculate the remainder when y is divided by 266.
10
Let t be (-2)/7 - 58/(-7). Suppose -2*s + 369 = c, 0*c = -4*c + s + 1485. Suppose -l + t*l = c. Calculate the remainder when l is divided by 29.
24
Suppose -59 = -3*r - q, 3*r + 3*q - 3 - 66 = 0. Suppose 9*c - 4*c - 2880 = 0. What is the remainder when c/(-20)*(-60)/r is divided by 49?
47
Suppose 2*s - g = -5, 22 = 3*s + 4*g + 2. Suppose s = -f + r + 17, -5*r - 13 = -f - 2*r. Calculate the remainder when 132 is divided by f.
18
Let g(o) = 6*o**3 - 3*o**2 - 4*o + 15. Calculate the remainder when (-96)/(-18) + -5 + (-401)/(-3) is divided by g(2).
5
Let w = 21320 + -21276. What is the remainder when 1185 is divided by w?
41
Let h(w) = 22*w + 1079. What is the remainder when 402 is divided by h(-47)?
42
Suppose -8*p - 63 = -295. Suppose p*t = -t + 510. Calculate the remainder when 97 is divided by t.
12
Let b(x) = -x**2 - 14*x - 37. Let r be 1/(-1)*(5 - (4 - 5)). Calculate the remainder when 18 + (5*-2)/(-5) is divided by b(r).
9
Let u = 173 - 229. Calculate the remainder when 32 is divided by 128/7 - (-16)/u.
14
Let a = -1584 + 1593. Suppose 3*h = -2*h + 90. Calculate the remainder when h is divided by a.
0
Let y(t) = 20*t**2 - 8*t + 24. Let w(v) = -6*v - 58. Calculate the remainder when y(3) is divided by w(-12).
12
Let i = 157 - 85. Let b(x) = 31*x + 19. Let w be b(3). What is the remainder when i is divided by ((-8)/(w/(-105)))/(6/20)?
22
Let u = -22105 - -23087. Calculate the remainder when u is divided by 90.
82
Let d(c) = 2*c**2 + 12*c + 28. Let i be d(-5). Suppose -i = -3*z + 5*m, -12 = -2*z - 0*m - m. What is the remainder when 11 is divided by z?
5
Suppose -2*o + 3*o - 5*d = 196, -2*d = 2*o - 404. Calculate the remainder when o is divided by 54.
39
Let c be 21/2 - (39/(-6))/13. What is the remainder when -1*2/c + 81400/484 is divided by 43?
39
What is the remainder when 9/(63/1141) - -24 is divided by 19?
16
Let a = -145 + 234. Suppose 2*m - 147 = -21. Let w = a - m. What is the remainder when w is divided by 14?
12
Suppose -2*t + 12 = x - 2, -5*x + 48 = -t. Suppose -3*a - 308 = -10*p, 6*a - 4*a = 5*p - 157. Calculate the remainder when p is divided by x.
9
Let p(r) = r**3 + 4*r**2 - 5*r - 5. Suppose -8*f + 9*f + 4*x = -174, -2*x = -4*f - 696. Let z = -164 - f. Calculate the remainder when p(-4) is divided by z.
5
Suppose y + 3 = -4*k + 41, -2*y + 71 = 3*k. Let o(l) = -3*l - 93. Let s be o(-22). Calculate the remainder when (-948)/(-7) - s/252*-4 is divided by y.
33
Suppose -4*l - 3 = 3*d, 2*l = -3*l - d + 10. Let m(o) = o**2 - 11*o + 11. Let s be ((-5)/2 + 3)/((-4)/(-80)). What is the remainder when l is divided by m(s)?
0
What is the remainder when 596 is divided by (-13)/(-3 - ((-143)/(-22) + -9))?
24
Let o(v) = -495*v**3 - 11*v**2 - 7*v. What is the remainder when o(-1) is divided by 103?
79
Let g = 11592 - 7713. Calculate the remainder when g is divided by 10.
9
Let g(l) = 70*l**2 - 193*l + 192. Suppose 3*b + 2 = 14. What is the remainder when g(1) is divided by ((-112)/(-70))/(b/90)?
33
Let g = 148 - 87. Suppose g*i = 79*i - 810. Calculate the remainder when i is divided by 17.
11
Let b = 295 - 44. Suppose -b = -5*s - 31. What is the remainder when s is divided by 23?
21
Let a(s) = -4*s**2 + 29*s - 8. Let j be a(-5). Let w = -215 - j. Calculate the remainder when 146 is divided by w.
32
Suppose 6*x = 742 - 898. Let c(i) = 6*i + 174. What is the remainder when 63 is divided by c(x)?
9
Let z be 45/(-6)*66/(-11). What is the remainder when (504/z)/(2/5) is divided by 2?
0
Let g be ((-200)/32 - -5)*(-24)/(-2). Suppose -2*y = -y - 52. What is the remainder when y is divided by 42/g*(-2 - -4)*-5?
24
Let x = -3829 + 4377. Calculate the remainder when x is divided by 67.
12
Suppose -5*g = 10, -14 = -3*w + 4*g - 0*g. Let b be ((-51)/(-12))/(w/40). What is the remainder when 4403/b - (-4)/(-5) is divided by 19?
13
Let v be (-4 - 1052/(-10))*5. Let r = -1 + v. Suppose -r = -5*c + 5*p, 5*c + 3*p - 477 = p. What is the remainder when c is divided by 11?
9
Let n = 332 + -312. Let s(b) = -2*b**3 + 42*b**2 - 37*b - 19. What is the remainder when 407 is divided by s(n)?
38
Suppose 3*b + j - 665 - 459 = 0, b - 384 = 2*j. What is the remainder when b is divided by 36?
16
Let z be 1*(-1 - 40) + -1. Let x = -36 - z. Let q(l) = 4*l - 23. Calculate the remainder when x is divided by q(7).
1
Suppose -3*h + p = -66, -3*h = -4*p + 21 - 96. Suppose 117 = c - 222. Suppose c = 5*o + 134. Calculate the remainder when o is divided by h.
20
Suppose -5*o = -4*g + 8*g - 1874, 0 = -4*o + 2*g + 1494. What is the remainder when o is divided by 27?
23
Let p be (-4)/(-2) - (47 - 1). Let r = p + 73. Let v(a) = -7*a**2 - 310*a + 1367. Calculate the remainder when r is divided by v(4).
14
Let b = 9902 + -9618. Calculate the remainder when 325 is divided by b.
41
Calculate the remainder when 427 is divided by (1/(-2))/(44/(-2244))*8/6.
19
Let h(f) = f**3 + 12*f**2 - 61*f + 12. Calculate the remainder when h(-12) is divided by 94.
86
Suppose 6 = 4*j + 4*d - 34, -5*j + 30 = d. Suppose j*t + 5*n - 65 = 0, -5*n - 2 - 10 = -2*t. What is the remainder when 162 is divided by t?
8
Suppose 17*v - 4352 = -17*v + 2*v. Calculate the remainder when 290 is divided by v.
18
Let d be 20/20*12/(-3). Let v(p) = 2*p**2 - 5*p - 44. What is the remainder when 11 is divided by v(d)?
3
Let j(i) = 85*i**2 - 75*i + 5. Calculate the remainder when 49 is divided by j(1).
4
Suppose 54 + 26 = 2*r - 2*w, -5*r + 3*w + 216 = 0. What is the remainder when 2166 is divided by r?
6
Suppose 835*s - 842*s + 7 = 0. What is the remainder when 30 is divided by s?
0
Let r = 207 + -205. Suppose r*y + 8 = -5*v + 125, -4*y = 5*v - 119. Calculate the remainder when 81 is divided by v.
12
Suppose -25*o - 6 = -28*o. Suppose 0 = -3*p + 3, -2*v + 51 = o*p - 1. Suppose -2*b + 7 = -11. Calculate the remainder when v is divided by b.
7
Calculate the remainder when 276 is divided by 92/10 + 25/(-125) + 74.
27
Suppose -2*t + 60 = 2*c, -c - 10*t + 45 = -6*t. Suppose -68*f - 188 = -72*f. Calculate the remainder when f is divided by c.
22
Let y(f) = 8*f**3 + 344*f**2 + 2*f + 271. Calculate the remainder when 6286 is divided by y(-43).
181
Let p be (-208)/(3/27*-3*3). Suppose -4*r = -56*r + p. Suppose -4*c + 13 + 47 = 0. Calculate the remainder when c is divided by r.
3
Let p(z) = 2*z**3 + 46*z**2 + 40*z - 65. Calculate the remainder when 460 is divided by p(-22).
0
Let t(x) = -x**3 + 13*x**2 + 18*x - 286. Calculate the remainder when t(12) is divided by 30.
14
Let y = -1388 - -1633. What is the remainder when y is divided by 21?
14
Suppose -114565*a + 114569*a = 7680. What is the remainder when a is divided by 45?
30
Let j(d) = -24*d**3 - 3*d - 2. Let h(r) = 3*r**2 + 21*r + 14. What is the remainder when h(-15) is divided by j(-1)?
24
Calculate the remainder when 1079 